. Suppose 4*o + l*o - 5*u - 65 = 0, 2*o - 2*u = 30. What is the highest common factor of o and 20?
10
Suppose 0 = -2*g + 301 + 1043. Let d be ((-2)/(-4))/(14/g). What is the highest common divisor of 12 and d?
12
Let w = -544 - -478. Let k(x) = 93*x + 1. Let c be k(1). Let h = w + c. What is the highest common factor of h and 70?
14
Let j(x) = x**3 + 11*x**2 - 12*x + 27. Let n be j(-12). Calculate the highest common factor of 9 and n.
9
Let d = -913 - -1502. Calculate the greatest common divisor of 31 and d.
31
Suppose -5*f - 4*t - 3 = -4*f, f + 7 = -5*t. Suppose 0 = f*n - 5*n - 24. Let w be (2/4)/(1/4). What is the highest common divisor of n and w?
1
Let s(r) = 76*r - 674. Let p be s(9). Calculate the greatest common divisor of 90 and p.
10
Let n be (-10)/(6/6)*-1. Let x be (35/28)/((-3)/(-60)). Calculate the greatest common factor of n and x.
5
Let c = 81 - 33. Let u = 492 - 372. What is the greatest common divisor of c and u?
24
Suppose 5*a = -23 - 17. Let w be a/(-12) - 8/(-6). Suppose 3*m - 890 = -5*x, 5*x - m = -w*m + 880. What is the greatest common factor of x and 25?
25
Let c be (-20679)/(-226)*(-68)/(-6). Calculate the greatest common factor of 61 and c.
61
Let a be (-1 + 2)*(-2 - -1). Let s be a/(-1) - (7 + -5). Let r be 3/((-3)/17)*s. What is the greatest common divisor of r and 17?
17
Let a(w) = 3 + 5*w - w + w**2 - 4. Let q be a(-5). Suppose -4*r - t + 99 = 0, t - 87 = -4*r + q*t. Calculate the greatest common factor of 192 and r.
24
Let i = 449 - 401. Calculate the highest common factor of 228 and i.
12
Let f be (3 - 88/24) + 842/3. Calculate the highest common divisor of f and 160.
40
Let s = -70 + 97. Let t = 22 - -6. Suppose -2*g + t + 8 = 0. Calculate the greatest common factor of s and g.
9
Suppose c + c + i = 2, 3*i - 6 = -2*c. Let x = c - -1. Let q be (x/(-2))/(1/(-42)). Calculate the greatest common divisor of 14 and q.
7
Suppose b + b = o - 4, 0 = -o - 5*b + 32. Calculate the highest common factor of 192 and o.
12
Suppose d - 3*v - 68 - 16 = 0, 5*d + v - 356 = 0. Suppose 0 = r - d - 9. What is the greatest common factor of 27 and r?
27
Let z be 16/40*-2 + 184/5. What is the highest common factor of 27 and z?
9
Let c be ((-305)/10 + -1)*-2. Calculate the greatest common divisor of c and 63.
63
Let l(t) = -56*t - 156. Let z be l(-3). What is the highest common factor of z and 1524?
12
Let b be (16 - -6) + (1 - -1). Calculate the highest common factor of b and 36.
12
Suppose -434*t = -433*t - 28. Let n(d) = d - 80. Let z be n(0). Let a = 332 + z. What is the highest common divisor of t and a?
28
Suppose 2*l - 4*v + 24 = 0, 0 = -v + 4. Let m be 560/55 + l/22. Let o = 102 + -22. What is the greatest common factor of o and m?
10
Let x = 314 - 254. Calculate the greatest common factor of x and 90.
30
Suppose c - 49 = 38. Let t(z) = -10*z**2 + z - 1. Let d be t(-2). Let p = -14 - d. Calculate the highest common factor of c and p.
29
Let n be -6 - (-5)/(10/72). What is the greatest common factor of 18 and n?
6
Let l = 645 + -325. What is the greatest common divisor of 40 and l?
40
Suppose -5*t + 59 = 19. Suppose -v = 5*y - 15, 4*v + 10 = 5*y - 30. Suppose 11*p - y*p = 392. What is the greatest common factor of t and p?
8
Let p(h) = 4*h - 27. Let y(l) = 19*l - 136. Let w(f) = -11*p(f) + 2*y(f). Let n be w(-5). What is the highest common divisor of 33 and n?
11
Let r be (-1)/((-2)/6) + 2. Suppose 5*k - 27 = -r*u + 43, 2*k = 4*u - 32. Calculate the greatest common divisor of 80 and u.
10
Suppose 0 = -2*a - a - 99. Let w = 15 + a. Let k = w - -24. What is the highest common divisor of k and 30?
6
Suppose 35*y = 19*y + 4416. What is the greatest common factor of y and 12?
12
Suppose 0 = -4*x - 3*d + 896, -3*x + 672 = -295*d + 290*d. Calculate the highest common factor of 56 and x.
56
Suppose 2*g + 5*r = -262, -r = -4*g - 6*r - 544. Let f = -130 - g. Calculate the greatest common factor of f and 11.
11
Let i = -1058 + 1454. What is the greatest common factor of 220 and i?
44
Let h(i) = 140*i - 90. Let g be h(1). Calculate the highest common factor of g and 275.
25
Let h be -9*6/(-36)*64/3. Suppose 3*p - 8*p = 0. Suppose g = 3*i - 1051, 3*i + 3*g + 629 - 1700 = p. What is the greatest common divisor of h and i?
32
Suppose 7*z - 12 = 2. Suppose -3*w = 2*h - 63, w - 3*h - 8 - z = 0. Let k(l) = l**2 + 4*l - 3. Let v be k(6). What is the highest common divisor of w and v?
19
Let f be (10 - 0) + -12 + (-16)/2. Let k = 7 - 32. Let r = f - k. Calculate the greatest common divisor of 5 and r.
5
Suppose -w + 2*k = -534, -w + 256 = 4*k - 260. What is the highest common factor of w and 231?
33
Let w = -13 + 33. Suppose w = -2*r + 7*r. Suppose -s = 2*z - 1 - 9, -r*z - 8 = 0. What is the highest common divisor of s and 2?
2
Let d(q) = -2*q + 4. Let p(m) = m**2 + 5*m - 7. Let v(i) = 5*d(i) + 2*p(i). Let b be v(-3). What is the highest common divisor of b and 16?
8
Let t be 25/(-25) + (9 - (0 - 0)). What is the highest common factor of t and 32?
8
Suppose -2*u + 4*f = 26, -4*u - 1 + 9 = 4*f. Suppose 103 = 3*m - 4*m. Let s be u - m - 3 - 1. Calculate the greatest common divisor of 12 and s.
12
Let a(y) = y**2 + 2*y - 4. Suppose -2*u - 3 = 7. Let b be a(u). What is the highest common divisor of 55 and b?
11
Let k be 2 + -2 - (-353 + -1). Suppose k = 4*m - 42. Let v = 4 + 7. Calculate the highest common factor of m and v.
11
Let g(j) = 26*j - 16. Let o be g(2). Calculate the highest common factor of o and 36.
36
Let c = 8 - 6. Suppose -c*j + 13 = -3. What is the highest common divisor of j and 8?
8
Suppose -7 = -2*d + 1. Suppose -d*n - 1 = -3*o + 3, 12 = -o + 4*n. Calculate the highest common divisor of 4 and o.
4
Let f(u) = -u + 15. Let j be f(0). Suppose -5*z + j = 5*r, 5*r - 3 = 4*r + 2*z. Calculate the highest common factor of 2 and r.
1
Suppose -25 = -5*h, 5*h = 3*l - 5*l + 29. Let k be -5 + (64/2 - l). Let b(x) = 5*x**2 + 6*x - 4. Let p be b(4). What is the greatest common factor of k and p?
25
Suppose -4*q + 24 - 4 = 0. Suppose q*f - 3*f = 0. Suppose -3*z - 4*r + 24 = 0, f = -5*z + r + 1 + 16. What is the highest common factor of z and 10?
2
Let o(v) = 3*v**2 + 21*v + 174. Let g be o(-33). What is the highest common divisor of 12 and g?
12
Suppose 6 = 2*j - 22. Let w(r) = r - 6. Let a be w(6). Let y = a + 2. Calculate the greatest common divisor of y and j.
2
Let r = -29 + -20. Let v = r - -71. Calculate the highest common factor of 55 and v.
11
Let s be 0 + 77 + 25 + -30. Calculate the greatest common factor of 90 and s.
18
Suppose -155*m + 135 = -146*m. Calculate the highest common divisor of m and 25.
5
Let g(d) = d**2 - 5*d - 16. Let l(h) = h**2 - 5*h - 17. Let s(i) = 5*g(i) - 4*l(i). Let z be s(7). What is the greatest common divisor of 22 and z?
2
Let o(r) = r**3 + 7*r**2 - 7*r + 11. Let z = 16 + -24. Let b be o(z). What is the greatest common divisor of b and 2?
1
Let y(t) = 2*t**2 + 14*t - 9. Let q be y(-8). Suppose 4*p = 20, 41 = -2*z - 4*p + 117. Calculate the greatest common divisor of z and q.
7
Let o(c) = c**2 - 11*c + 34. Let p be o(8). Calculate the highest common factor of 230 and p.
10
Let o(h) = 23*h + 2. Suppose 4*g = -n - 25, -3*n + 0*n - 5*g = 40. Let z = 6 + n. Let a be o(z). Calculate the greatest common factor of a and 125.
25
Let a = 436 + -46. Calculate the highest common factor of a and 30.
30
Let x = 655 + -330. Calculate the greatest common divisor of 50 and x.
25
Let x(o) be the third derivative of -13*o**6/24 - o**5/30 + o**4/24 + o**3/6 + 35*o**2. Let d be x(-1). Calculate the greatest common divisor of 9 and d.
9
Suppose 13*m = 18*m - 35. Calculate the highest common divisor of 203 and m.
7
Suppose 29 = 5*i + 4*m - 7, 5*i + 5*m = 40. Suppose -5*a - 54 = -4. Let b(k) = -2*k - 10. Let y be b(a). What is the highest common divisor of y and i?
2
Let m be (2 + -1)/(-1)*0. Suppose -2*h + 0*h + 4 = m. Suppose i + 2*i - 891 = h*d, 297 = i + 5*d. Calculate the highest common factor of 33 and i.
33
Let b(j) = -18*j + 2. Suppose 102 = 3*f + o, -3*f + 6*o + 111 = 4*o. Suppose 3*k + f = -2*k. Let a be b(k). What is the greatest common factor of a and 16?
16
Suppose 0 = -7*j + 43 + 83. What is the greatest common factor of 198 and j?
18
Let m be (-1188)/(-10) - 10/(-50). What is the highest common divisor of m and 21?
7
S